v) = v**3 - 6*v**2 + 6*v - 2. Determine k(f).
3
Let c(d) be the second derivative of -d**5/20 + d**4/6 + d**3/3 - 3*d**2/2 + 6*d. What is c(2)?
1
Let n = 2 - 0. Let m(f) = 3 - 3*f + f**3 + 0*f + 4*f + f**2 - n*f. Give m(0).
3
Let z(o) be the first derivative of o + 3*o**2 + 1/3*o**3 - 5. What is z(-3)?
-8
Let s(j) = j**2 - j - 4. Let b be s(3). Let q(y) be the first derivative of -b - 7/3*y**3 + y**2 - y. What is q(1)?
-6
Suppose -4*d = 5*b + 150, -88 = 2*b + 5*d - 11. Let w = b - -27. Let g(f) = -6*f**3 + f - 1. Determine g(w).
-6
Suppose -2*h + 4 = -6. Let f(k) = 5*k**2 - 7*k + 10. Let t(a) = -4*a**2 + 7*a - 9. Let l(o) = 3*f(o) + 4*t(o). Determine l(h).
4
Let q = 1 + 2. Let n(f) = 3*f**2 - 3 - 9*f**q + 8*f**3 - 2 + 2 + 3*f. What is n(3)?
6
Suppose 0*g = -5*g - 5. Let a be (g - -1)/(2 + -3). Let v(k) = -6*k - 1. Let i(j) = -5*j - 2. Let r(b) = -5*i(b) + 4*v(b). Determine r(a).
6
Suppose -7 = 5*a - 2. Let t(r) = 9*r**2 + r + 1. Let u(n) = 17*n**2 + 2*n + 2. Let w(x) = 11*t(x) - 6*u(x). Calculate w(a).
-3
Let a(f) be the second derivative of 0 + f + 1/6*f**4 - 5/6*f**3 + 3/2*f**2. Give a(4).
15
Suppose -4*l + 2 = -3*l. Let h(m) = -m**3 - m**2 + 1. Let d be ((-2)/(-3))/(6/9). Let g(f) = 3*f**3 + 2*f**2 + 3. Let r(z) = d*g(z) + l*h(z). Give r(0).
5
Let o(c) = -5*c**2 + 1. Let b be o(1). Let n(i) = i**3 + 4*i**2 + i + 2. Calculate n(b).
-2
Let g(s) = s - 3 - s**3 + 0*s**3 - 2*s. Let k be 1/8 + (-12)/96. What is g(k)?
-3
Let j = 5 + -8. Let q be (-1 - 1)*j/6. Let h(r) = 6*r**3 - r**2 - r + 1. Let l be h(q). Let g(p) = -p**3 + 4*p**2 + 5*p + 7. What is g(l)?
7
Let b(k) = k**3 + k**2 + 5. Let o be (0/2)/1 + -2. Let t be (1 - 1)/((-2)/o). What is b(t)?
5
Let h(c) = c - 4. Suppose -i = -4*w - 5 - 4, -5*i - 1 = 3*w. Suppose -8 = -0*y + 4*y. Let d = w - y. Calculate h(d).
-4
Let u(v) = v - 6. Let q be (-1)/4 + (-145)/(-20) + -1. Calculate u(q).
0
Let z(q) be the first derivative of -3*q**2/2 + 2*q + 22. Determine z(2).
-4
Let j(w) be the first derivative of 11*w**2/2 + 85. Let z(m) = m**2 + 4*m - 2. Let t be z(-4). Let f = t - -1. Calculate j(f).
-11
Suppose 3*i = -1 + 13. Let q = 8 - i. Suppose -2*m + 3*h = 23, -q*m + 3*h - 12 = 19. Let y(t) = -2*t - 4. What is y(m)?
4
Let x(f) be the first derivative of 1/3*f**3 - 7 + 1/2*f**2 - 1/4*f**4 - 11*f. Give x(0).
-11
Let u be (10/4)/((-2)/4). Let p(a) be the second derivative of -a**5/20 - 5*a**4/12 + a**3/3 + a**2/2 + 4*a. Give p(u).
-9
Let y(t) be the first derivative of t + 3/2*t**2 + 7. Determine y(-2).
-5
Let t(k) = 2*k + 0 - 3 + 3*k. Suppose 0 = -s - 5*b - 10, -b - 3*b - 8 = 3*s. Suppose s = 2*c + 4*l + 8, 3*c + l = -0 + 3. What is t(c)?
7
Let r(a) = 6*a**3 - 5*a**2 + 2*a - 6. Let p = -8 - -3. Let c(o) = 5*o**3 - 4*o**2 + o - 5. Let m(q) = p*c(q) + 4*r(q). Give m(-2).
3
Let v = 8 + -4. Let a(o) = 2*o - 7*o + v*o. Give a(-6).
6
Let z(m) = -m**3 - 4*m**2 + 4*m + 2. Let b = 6 + -5. Let c(v) = 7*v - 1. Let q be c(b). Suppose -5 = 5*r, -q*x = -x - 2*r + 23. Determine z(x).
7
Suppose 4*i + 55 = i - 2*x, 5*i = -5*x - 85. Let g = i + 20. Let q(l) = 9*l**2 - l. Calculate q(g).
10
Let k(t) = -t + 9. Let g(l) = l - 2. Let c be g(6). Let j(b) = -b + 5*b - 2*b + 2*b**2 + 1 - c*b**3. Let w be j(-1). Calculate k(w).
4
Let d(n) = 19 - n + 19 - 37. Calculate d(3).
-2
Let i be (1 - 5)*(-3)/4. Let v be -29 - 3/i*1. Let k be v/(-7) + 4/(-14). Let s(n) = -n**2 + 6*n - 3. Give s(k).
5
Suppose 25 = -5*r - 75. Let v = r + 15. Let g(a) be the first derivative of a**4/4 + 2*a**3 + 5*a**2/2 + a + 1. Determine g(v).
1
Let g(k) = k - 13. Let i = 171 - 171. Calculate g(i).
-13
Let j be (1 + 3)/((-2)/(-3)). Suppose -5*a = -4*q - 0*a + 16, 5*q - 20 = 4*a. Suppose c - q*c = j. Let t(l) = l**2 - 2*l + 1. Calculate t(c).
9
Let h(d) be the third derivative of d**4/8 - 2*d**3/3 - 8*d**2 + d. Suppose 8 = 3*f - f. What is h(f)?
8
Let f = -9 - -11. Let n = 0 + f. Let i(x) = 4*x**2 - 5*x + 0 + 3 - x**3 - 2*x + 3*x**n. Calculate i(6).
-3
Let p(x) be the third derivative of x**4/24 + 2*x**3/3 + 3*x**2. Suppose 0 = 2*h + 3*y - 1, -3*h + y = -6*h - 9. What is p(h)?
0
Let o(p) = 2*p + 2 - p + 0*p - 6*p**3 + 7*p**3 - p**2. Let v be -1 + 3 + -4 + 2. Give o(v).
2
Let n(v) = -4*v - 5. Let a be n(-2). Let w(z) = z**2 - 4*z + 3. Determine w(a).
0
Let d(t) be the third derivative of t**9/60480 - t**8/20160 - t**7/1680 + t**6/360 - t**5/30 - 2*t**2. Let a(z) be the third derivative of d(z). Determine a(2).
0
Let q(z) be the third derivative of 11*z**4/24 - z**3/6 - z**2. Let f(x) = -x**3 - 24*x**2 - x - 25. Let r be f(-24). Calculate q(r).
-12
Let p = -7 + 14. Let b(i) = i**3 - 6*i**2 - 6*i - 5. What is b(p)?
2
Let h be (-2)/3 - 6/(-9). Suppose -5*w - 25 = -h*w. Let g(y) = 3 + 0 - 3*y - y**2 - 3*y. Calculate g(w).
8
Let n(r) be the third derivative of r**9/60480 - r**8/3360 + r**7/630 - 7*r**6/720 + r**5/12 - 2*r**2. Let c(g) be the third derivative of n(g). Give c(5).
8
Let x = 1 + 4. Let b(g) = g**2 - 3*g - 6. What is b(x)?
4
Let y(t) = -t**3 + t**2 - t. Let w = -109 + 110. Give y(w).
-1
Let b(o) = o + o - o + 7 - 2*o. Let d be b(3). Let a(c) = 3*c. Determine a(d).
12
Let d(n) = -1 + 0*n**2 + n**3 - 2*n**3 + n**2 + 2*n + 2*n**2. Calculate d(3).
5
Let f(k) = k**2 - 6*k + 7. Let i be f(5). Suppose -i*n - 3*n = 0. Let c(m) = m + 13. Calculate c(n).
13
Let c(l) be the first derivative of -l**6/120 - l**5/40 - l**4/8 + 2*l**3/3 + 1. Let k(u) be the third derivative of c(u). Give k(-2).
-9
Let q(v) = -3 - v**3 - 7*v - v**2 - v**2 - 4*v**2. Let g = -66 + 61. Give q(g).
7
Let f(i) = -i**3 - 3*i**2 - i - 1. Let o be f(-2). Let y = o + 2. Let d(z) = -z**3 - z**2 - z - 1. What is d(y)?
0
Let i = -48 - -50. Let r(m) = 2*m**3 - 4*m**2 + 2*m + 1. What is r(i)?
5
Let i(a) = -a**3 + 5*a**2 + 4*a - 6. Suppose -4*z + 16 = 4*y, 0*y - 3*y - 2*z = -13. Determine i(y).
14
Let i(o) = 3*o**3 + o**2 + o + 1. Let y(n) = n**3 - n + 1. Let t(l) = i(l) - 4*y(l). Calculate t(3).
-6
Let r(f) = 2*f - 9. Suppose -p + 4 = -2. Determine r(p).
3
Let w be (2/2)/((-3)/(-15)). Let v = 8 - w. Suppose v*d - 3 = 9. Let n(q) = -q - 2. Give n(d).
-6
Let a(s) be the second derivative of -1/3*s**3 + 0 + 4*s**2 - 6*s. Let m be 23/4 - 1/(-4). Calculate a(m).
-4
Let h be ((-2)/(-3))/(3/(-9)). Let a(b) be the second derivative of 2*b**3/3 - b**2 - 2*b - 38. What is a(h)?
-10
Let v(a) = -9*a**2 - 10*a - 5. Let q(p) = 4*p**2 + 5*p + 3. Let l(i) = -5*q(i) - 2*v(i). What is l(-4)?
-17
Let b(y) = -y + 4. Let p be b(4). Suppose p = 5*j - 0*o + 3*o, -3*j - 6 = 3*o. Let u(v) = -4*v**3 - 1 - 6 + 3*v**j + 6*v**2 - 4*v. Give u(5).
-2
Suppose 16 = 14*h - 10*h. Let z(o) = -o**2 + 4*o - 3. Give z(h).
-3
Let v = -100 + 99. Let g(a) = -12*a**2 + a + 1. Calculate g(v).
-12
Let v(p) be the third derivative of -p**5/60 + 7*p**4/24 - p**3/2 - 10*p**2. Determine v(6).
3
Suppose 0 = 4*u - 0*u + 28. Let r(p) = -p**2 - 9*p - 5. Give r(u).
9
Let y(a) = -a**3 + 5*a**2 - 4*a. Suppose 4*h - 6 - 10 = 0. Suppose -5*m - 4*z - z = 65, -5*m - 92 = -h*z. Let t be (m/6)/((-4)/6). Give y(t).
0
Suppose 0*b - 4 = 2*a - 2*b, 5*a = -2*b + 25. Let j be (-1 - a)*(-1)/2. Let v(g) = -2*g**2 + 2 + 4*g**j - 3*g + 0*g**2 + g**3. Calculate v(-3).
2
Let v(p) be the first derivative of -p**3/3 + 7*p**2/2 - 6*p + 7. What is v(4)?
6
Suppose 3*b - 24 = -3*g, -2*b + 4*g + 13 = 3*b. Let w(m) = -m**2 + 5*m - 6. What is w(b)?
-6
Let k(y) = -y**2 + 6*y - 5. Let z(b) = b**3 + 5*b**2 - 2*b - 20. Let r be z(-4). Determine k(r).
3
Let f(n) = 11*n + 2*n**2 - 2*n + 3*n - 6*n - 5. What is f(-5)?
15
Let t(n) = -n**2 + 9*n**2 - 3*n**2. Let b(f) = -2*f**3 - f**2 + f + 1. Let x be b(1). Calculate t(x).
5
Suppose 0 = -o - 5 + 11. Let y(v) = -v**3 + 5*v**2 + 4*v + 8. What is y(o)?
-4
Let p(u) = -685*u + 1 + 1 + 687*u. Let r = 0 - 2. Let k be p(r). Let o(v) = -v**3 - v**2 + v. Calculate o(k).
2
Suppose 0 = -5*r + 2*r - 24. Let v(t) = 2*t + 6. What is v(r)?
-10
Suppose 9 = -4*u + 4*k + 1, 4*u + 14 = k. Let w(d) = d**2 + 3*d + 2. Determine w(u).
6
Let l(v) = 6*v**3 + 6*v**2 - 6*v - 2*v**3 - 1 - 5*v**3. Let u be (2 - 1)/((-2)/(-10)). Calculate l(u).
-6
Let q(a) = -a - 13. Let g be (-6)/9 - 2/((-6)/(-25)). Determine q(g).
-4
Suppose -5*l + 25 = 5*x, 2*l = -2*x - 3*x + 10. Let r(g) = 6*g**2 - 1 - 7*g + g**3 - 3 + 4*g**2 - l*g**2. Give r(-6).
2
Suppose d = -0*d - 6. Let g b